+ 0 + (0 - 8) + -4
-6
Calculate (-1 - (-2 - (2 + -2))) + -5.
-4
Calculate 4 + -1 - 2 - 0.
1
Calculate 10 + -18 - (-8 + -1).
1
(4 - -3) + -2 + -2 + 2
5
What is -5 - (1 + 0 + -2)?
-4
Calculate (48 - 40) + -9 + 1.
0
What is (1 - (3 - 13 - -7)) + -5?
-1
What is -3 + (3 - (-3 + 6))?
-3
-24 + 28 - (-1 + 5)
0
What is -1 + 2 + (20 - 20) + 1?
2
Evaluate (-3 - 1) + 8 - (0 + 0).
4
Evaluate (228 - 232) + (13 - -1).
10
Calculate -11 + 17 + (0 - (5 + -2)).
3
What is the value of -5 - -8 - (3 + -6 - -2)?
4
4 + 0 + -7 + 3 + -1
-1
Calculate -2 - (-1 - 5) - (8 - 6).
2
(-1 - (3 - 0 - 3)) + 5
4
What is 6 + -20 - -9 - 1?
-6
What is the value of -2 + 10 - (13 - 4)?
-1
Evaluate 0 - ((2 - 7) + (0 - -9)).
-4
What is 322 + -316 + (1 - 11 - -2)?
-2
What is the value of 0 + -3 - -4 - 3?
-2
Calculate 244 - 248 - (-2 + -2 + 3).
-3
What is the value of -18 + 12 + -3 - -10?
1
-4 + 5 + -3 - -1
-1
Evaluate -7 + 12 + -11 + (2 - 0).
-4
Calculate 9 - 7 - 0 - 1.
1
What is the value of 6 - (-4 + 9) - -3?
4
5 + (7 + -2 - 5) - -2
7
Calculate -4 - 2 - -7 - 6.
-5
-3 + 8 - 0 - 4 - -5
6
Calculate 0 + -4 - (0 + -2).
-2
What is the value of (-3 - 0) + (-1 - 2 - -5)?
-1
Calculate -2 - -1 - (-11 - (13 + -20)).
3
-3 + 0 + 3 + -4 + 7
3
Evaluate 0 - (2 + 0) - (23 - 18).
-7
What is 5 - ((-2 + 2 - -1) + 1)?
3
What is 1 - (23 + -24 - (-3 - 1))?
-2
Calculate (-4 - -1) + 32 + -25.
4
What is the value of (3 - (6 + -2)) + (-2 - -6)?
3
Calculate -6 - (5 + -4 - (-1 + 0)).
-8
Calculate 0 - (2 - -2 - (-1 + 3)).
-2
Calculate -9 + 11 - (5 + 0).
-3
What is the value of 1 - (2 + (4 - 4))?
-1
Evaluate 2 + (1 - -9) + (-24 - -18).
6
Calculate 6 + (-3 - (3 + 0)).
0
What is the value of 10 - (1 - (-1 + -3 + -1))?
4
What is -3 - (1 - (-10 + 5 + 8))?
-1
What is -2 + (-4 - -4) + 5?
3
What is the value of 1 + 3 - ((-11 - -9) + 0)?
6
Calculate 0 + (-3 - 0) - 2.
-5
What is (25 - 19) + 2 + 1?
9
What is 10 + (-21 - (7 + -13))?
-5
What is -1 + (8 - 6) + -5 + 7?
3
-3 - (-4 + -2 + 1)
2
Calculate (-1 - (-3 - 0)) + -7 + 4.
-1
Evaluate 9 + -3 + 0 + -2.
4
What is the value of 1 + 1 + (0 - -2)?
4
What is the value of (1 - 2) + (2 - 1 - 0)?
0
What is the value of 0 + (-1 - -2) - 7?
-6
What is the value of 9 - (5 - 1 - (-24 + 24))?
5
Evaluate (0 + -3 - -3 - -3) + -1.
2
Evaluate (-2 - -1) + (14 - 10).
3
Calculate 1 + -1 - -4 - -2.
6
What is -3 + (5 - (9 - 10))?
3
What is the value of 9 + (-5 - (6 + -4 - 3))?
5
Calculate -16 + 4 - (-6 - (6 - 7)).
-7
Evaluate (-4 - -6) + 3 + -4.
1
What is -1 + 2 + 254 + -257?
-2
Evaluate (-3 - (5 + -3)) + 0.
-5
What is -4 + -1 + (9 - 6)?
-2
Evaluate 3 + 3 - (1 - -2 - 4).
7
Evaluate 5 + -10 + 17 - (6 - -2).
4
Evaluate 1 + (4 - (-5 - -9 - -5)).
-4
Evaluate -1 + (1 - -2) - (2 + 1).
-1
Calculate 0 + 1 + 1 - (12 - 9).
-1
(7 - 7 - -1) + -5
-4
Evaluate 9 + -1 + -5 - -2.
5
What is the value of 6 + 6 - (-5 + 5 - -6)?
6
What is the value of -1 - 1 - (-9 - -7)?
0
12 - (6 + -1) - 10
-3
Evaluate 3 + -2 + 0 + (1 - 0).
2
Evaluate -3 + (1 + -1 + 0 - -2).
-1
What is -8 + 2 + 3 - (1 - 10)?
6
What is 0 - 3 - (10 - 9)?
-4
What is the value of 2 + -2 - (17 - 17 - 3)?
3
What is -5 - (-1 - (8 - 3) - -6)?
-5
(2 - 2) + -5 + 2
-3
What is -4 + (-6 - -3) + 3?
-4
Calculate (4 - -3) + -5 + 1 + -4.
-1
Evaluate (-1 - (-1 - 4)) + 0 + -3.
1
Calculate (-3 - 1) + 14 - (21 + -16).
5
What is -4 - (-4 + 10 - (-13 + 16))?
-7
What is (-1 - 1) + (2 - 5) + 2?
-3
What is the value of -1 - 5 - (-8 + 8 - 4)?
-2
7 - 3 - (1 - -8)
-5
Evaluate (-2 + -1 - (-2 - 1)) + 2.
2
What is the value of (-2 - (2 - 1)) + 7?
4
What is the value of -7 + 4 + (-4 - -2) + 1?
-4
Calculate (-9 - -18) + -17 + 10.
2
-1 - 2 - (-1 + 1)
-3
Calculate 3 + -9 + 8 + -2 + 5.
5
Calculate (0 - -5) + (-1 - -15) + -15.
4
Evaluate 2 - 1 - 3 - 7.
-9
What is the value of -8 + 2 + (-2 - -9 - 6)?
-5
2 + 1 + -1 + (-40 - -44)
6
2 + (-3 - (-6 + -1) - 11)
-5
What is -3 + -2 - (-15 - -10)?
0
8 + (42 - 48) + (0 - -2)
4
Calculate (2 + 0 - 1) + -11 + 7.
-3
Calculate 4 + (-12 - -4) - 2.
-6
(1 - 7) + 4 + -2
-4
Evaluate (2 - 4) + (1 - -3).
2
What is the value of (0 + 8 - (5 - 1)) + 0?
4
Calculate 10 - (-1 + 15 + -7).
3
Calculate 250 - 247 - (0 - -10).
-7
Evaluate -10 - (-5 + (0 - 0)).
-5
What is the value of 1 + 0 + (-16 - -14) - 4?
-5
What is 0 + -1 - ((20 - 6) + -17)?
2
What is -1 - 15 - (150 - 158)?
-8
Calculate -6 + (1 - (-12 + 6)).
1
Evaluate 3 + 3 - (17 + -14).
3
-1 - 2 - (2 - (4 + 1))
0
Calculate -13 + 14 + (0 - -1).
2
Evaluate -1 - (-7 - (4 - 0) - -4).
6
-5 + 2 + 3 - 3
-3
Evaluate 7 - (-7 + 5 + 9).
0
What is the value of 2 - 0 - (-1 + 8)?
-5
Evaluate 15 + -10 + -6 + 0.
-1
What is the value of -7 - (0 + -3 + -9)?
5
Evaluate -17 + (-7 - (6 - 22)).
-8
What is the value of 5 - (2 - -8) - -1?
-4
What is the value of -2 - (-2 + 1) - (1 + -2)?
0
Evaluate 17 + 0 + -23 - (0 + 0).
-6
What is the value of (-1 + 1 - -3) + -1 + -2?
0
Calculate -3 + -10 + (-12 - -22).
-3
-6 + 4 + -4 + 8
2
Calculate 2 + -1 + -1 + 5.
5
What is the value of 12 + -10 + (5 - 3)?
4
What is the value of 4 - (3 + 7 - 8)?
2
What is the value of 2 + 3 + -9 - (10 - 5)?
-9
-1 + -4 - (-1 - 3)
-1
Evaluate (4 - (-10 - -29)) + 12.
-3
Evaluate (-6 + 7 - -2) + -8.
-5
Calculate (18 - 15) + (2 - 4).
1
Evaluate 9 - (-5 - -6) - 2 - 9.
-3
(-3 - (-14 - (-7 + 0))) + -4
0
What is the value of 1 + 1 + (-33 - -20 - -6)?
-5
Evaluate 4 - (-1 + (4 + -1 - 0)).
2
What is -1 - ((0 - (0 + 1)) + 3)?
-3
6 + 1 - (10 - (-19 - -31))
9
Evaluate (-10 - -18) + -3 + 1 + -4.
2
What is the value of -6 - 4 - -3 - (0 - 12)?
5
What is the value of (-15 + 6 - -14) + -9?
-4
Evaluate 2 - 3 - (2 - 5) - -3.
5
-6 - (-2 + (4 - 8) + 3)
-3
What is the value of 8 + (0 - (8 + 0))?
0
What is 3 + 1 + -3 + 1 + 3?
5
Calculate 4 + (-1 - (2 + -2)).
3
Evaluate (-1 - -1) + -100 + 90.
-10
Calculate 6 + (-2 - (8 - 4)) + -7.
-7
Evaluate -3 + (13 + -10 - (-3 - 0)).
3
1 + 5 + -11 - -9
4
Calculate 4 + 0 - (3 - -1).
0
Evaluate -2 + 1 - ((-4 - -2) + 1).
0
-2 - 1 - (-1 - 9) - 0
7
Calculate 8 - ((2 - (6 - 4)) + 6).
2
Evaluate 58 + -52 - (11 - 0).
-5
4 - (7 + -6) - -1
4
3 + -14 - -4 - -1
-6
Calculate -1 + 0 + (-5 - (3 - 5)).
-4
Evaluate (0 - 0) + -4 + (23 - 24).
-5
Calculate -4 - (-3 - 0) - (4 + -7).
2
Calculate 1 - (12 + (-6 - 0) - 2).
-3
Calculate (-4 - (-6 - -4)) + (8 - 4).
2
What is 2 - 1 - (3 + (-13 - -6))?
5
10 + -17 + -1 + 1 - -2
-5
Calculate (2 - (2 - -5)) + 2.
-3
1 + -6 + 5 + -3
-3
What is the value of 4 + -6 - (-12 - -8)?
2
-6 + 2 + 0 + 2
-2
Calculate 3 - (13 + -5 + -3).
-2
What is 2 - 0 - (0 - 3)?
5
4 + -1 - -1 - (-38 + 42)
0
What is the value of 4 + (-1 - (-2 + 3))?
2
Calculate -4 + 2 + -4 + 2.
-4
Evaluate 9 + -2 - (23 - 17).
1
What is the value of -4 + 5 + (-5 + 4 - 3)?
-3
Evaluate 4 - (-1 - 0) - (2 - -2).
1
Calculate -9 - -5 - -6 - (-1 - -8).
-5
What is the value of (-84 - -75) + (1 + 5 - 0)?
-3
What is -4 + 7 - 10 - -3?
-4
Calculate 0 + (-2 - 0 - 0 - 4).
-6
What is 0 - 4 - 0 - (-4 - 1)?
1
Evaluate 0 - (3 - (2 - 1) - -1).
-3
Evaluate 3 - (-3 - (5 + -13)).
-2
What is 10 + (-4 - 9) + 12?
9
What is the value of -92 + 94 + (0 - (-1 - -3))?
0
What is the value of 3 + -8 + 9 + -4?
0
Calculate -4 + (5 - -1) + -5.
-3
5 + -5 - -3 - -1
4
(1 - 3) + 5 + -6 + 2
-1
-7 + 7 + -8 + 13
5
-5 + 1 - (-3 + -2 + 0)
1
Evaluate 0 + -2 - (-4 + 5 + -5).
2
Evaluate 15 + -8 + 0 + -1.
6
What is the value of (-4 - 0) + -33 + 32?
-5
Evaluate 1 - 3 - (1 + -5) - 3.
-1
Evaluate 1 + 2 + (5 - (10 + 3)).
-5
What is (14 - 7 - 1) + -1 + -2?
3
What is the value of 3 + 2 + (-7 - (3 - 3))?
-2
What is -1 + 6 + 1 + (6 - 11)?
1
Evaluate 23 + -4 + (-2 - 8).
9
5 + 0 - (2 + (3 - 0))
0
Evaluate 1 + 0 + 0 + -4 + -1.
-4
Calculate -2 + -4 + 0 + 5.
-1
What is the value of -5 - (-4 + (-7 - -7) + -2)?
1
Evaluate -1 + (-18 - -9) - -7.
-3
What is the value of 0 + (5 - 1 - -1)?
5
Evaluate -10 + 8 - (2 - 8).
4
Calculate -4 + 6 + (-4 - -2).
0
Evaluate 0 + -6 - (-2 + -3).
-1
Evaluate -7 + 7 + -2 + -3 - -6.
1
Calculate (-19 + 5 - -14) + 4.
4
Evaluate -6 - (-2 - -3) - (-28 - -24).
-3
What is 1 + -6 + 16 + (-9 - -1)?
3
-6 - 12 - -7 - -2
-9
Evaluate 2 + (3 - -6 - (-9 - -16)).
4
Calculate -1 - -1 - -1 - (4 - 5).
2
What is -8 - ((-2 - 1) + -6)?
1
What is the value of 4 + -4 + 3 + 0?
3
What is the value of 2 - (13 + -2 + -2 + 2)?
-9
What is the value of -13 + (4 - -2) - -7?
0
Calculate -3 + -1 + 0 + 1.
-3
Calculate -2 + 3 + (-1 - (3 + -1)).
-2
What